u?
21
Let j = -31 + 33. Suppose 450 = 3*a + j*a. Calculate the greatest common factor of a and 10.
10
Let l = 19 - -24. Let p = l - 32. What is the greatest common factor of p and 77?
11
Let s(n) = n**3 + 44*n**2 + 41*n + 22. Let h be s(-43). What is the highest common factor of h and 918?
54
Let x(l) = -l**3 + 12*l**2 - 3*l + 39. Let o be x(12). Let a be (2 + -1)*-1 - -21. Suppose o*g - a = -2. What is the greatest common factor of g and 4?
2
Suppose 16*o - 12*o - 78 = -2*t, -3*t = 3*o - 123. What is the greatest common factor of 172 and t?
43
Suppose -12*t + t = -77. Suppose -a = -0*a - 49. What is the highest common factor of a and t?
7
Let s(u) = u**2 + u - 6. Let l be s(-3). Suppose 4*g = -2*b + 46, l = 2*g - b - 3*b - 18. What is the greatest common factor of g and 143?
11
Let q(g) = -g**2 - 3*g + 129. Let p be q(-12). What is the highest common divisor of p and 777?
21
Let k be 703/2*(-7 - -13) - -5. What is the greatest common factor of 14 and k?
14
Let w be (9/(-6))/((-27)/36). Let y be (-2)/3 - 112/(-6). What is the highest common factor of w and y?
2
Suppose 3*p - p = -6. Let h be (-3)/(-9) - 89/p. Let u be h/(-9)*(-53 + 2). Calculate the greatest common divisor of u and 17.
17
Let k be ((-54)/(-2 - -5))/(-1). Suppose -k - 76 = 2*i. Let r = -26 - i. What is the greatest common factor of r and 189?
21
Let w be (0 - (-58)/(-6))*3. Let l = 40 + w. Let a be 5*7/140*2*22. What is the greatest common divisor of l and a?
11
Suppose -2*q = 2*l - 712, -1397 = -4*l + 5*q + 36. What is the highest common factor of l and 68?
17
Suppose -318*w + 17 = 4*y - 319*w, -w - 1 = 0. What is the greatest common divisor of y and 106?
2
Let j(b) = 2*b**3 - 4*b**2 + 3*b + 2. Let x = 74 - 72. Let h be j(x). What is the greatest common divisor of h and 88?
8
Suppose -7*x - 30*x = -16650. What is the highest common factor of x and 12?
6
Suppose 72 = 2*k + j - 5*j, 0 = 4*j. Suppose 5*n = n + 4*o + 364, 4*n - 3*o = 363. What is the highest common factor of k and n?
18
Suppose -4*w = 4*m + 3 - 11, -4*w - 5*m = -9. Suppose 0 = -4*v + 7 + w. What is the highest common divisor of v and 18?
2
Let q(y) = -8*y + 2. Let f be q(-2). Calculate the greatest common factor of f and 153.
9
Suppose -3*w = 4*i + 18, -4*i - i = -3*w + 9. Let f be (w - 4)*(2 - 10). Calculate the highest common factor of f and 6.
6
Let k(g) = 11*g + 57. Let j be k(-5). What is the highest common divisor of j and 9?
1
Suppose -3*s - 5*v + 180 = 0, -4*s = 3*v + v - 248. Let d(y) = -y**2 + 9*y + 36. Let j be d(10). Calculate the highest common factor of j and s.
13
Let x(d) = 10*d - 3. Let c be x(2). Let i(f) = -f**3 - 3*f**2 - 10*f + 19. Let t be i(-6). What is the greatest common divisor of c and t?
17
Suppose 5*s = -l - 38 + 260, s = 5*l + 34. Suppose 11 + s = 5*z. Let k(h) = -h**2 - 13*h - 3. Let u be k(-9). Calculate the highest common factor of z and u.
11
Suppose -5*x = -2*w + 196, x - 348 = -4*w - 0*w. Let l(z) = -2*z**2 + 5*z + 16. Let y be l(0). What is the greatest common divisor of y and w?
8
Let x be -2 - (-1)/(-4)*0 - -42. What is the greatest common divisor of 100 and x?
20
Let r(y) = 2*y**2 + 3*y + 2. Let m be r(-2). Suppose -k = 3*k + 3*n - m, 0 = -n - 4. Calculate the highest common factor of 6 and k.
2
Let a(m) = 4*m. Let q be a(2). Suppose -179 = q*t - 827. Calculate the highest common divisor of 27 and t.
27
Suppose 5*u - d = 145, 15 = 2*d + d. Calculate the greatest common factor of 130 and u.
10
Suppose -i - 3*q = -227, -203*i - 4*q + 916 = -199*i. What is the highest common factor of 506 and i?
46
Let b(u) = -258*u + 255*u - 13 + 5. Suppose -4*j + 9*j + 25 = 0. Let h be b(j). What is the highest common factor of h and 49?
7
Suppose 4*u - 304 = 56. Let h(x) be the second derivative of -x**3/2 - 15*x**2/2 - 3*x. Let v be h(-11). What is the highest common factor of u and v?
18
Let o be 2 - (-7096)/18 - 8/36. What is the highest common divisor of 72 and o?
36
Let m = -73 - -282. Suppose 6*a - 8*a - 4*r = -58, -r = -5. What is the greatest common factor of a and m?
19
Suppose 0 = -3*c - 2*k + 358, 207 = 6*c - 4*c - 5*k. Calculate the highest common factor of 12 and c.
4
Let g(a) = a**2 - 15*a + 60. Let p be g(8). What is the greatest common divisor of 100 and p?
4
Let l be ((-40)/10 - (1 + -26))/((-30)/(-40)). Let t be 42 + 1 + 1/(-1). What is the greatest common factor of l and t?
14
Let a be 10*19/(475/210). What is the highest common divisor of a and 144?
12
Let i be (-172)/(-14) - 78/273. What is the greatest common divisor of 8 and i?
4
Let t = 1176 + -579. Let m be t/24 + 7/56. Calculate the greatest common factor of m and 5.
5
Let k(d) = 2*d**2 - 10*d - 8. Let p be k(7). Let u be (-1)/((-5)/p)*(-22)/(-8). What is the highest common divisor of 11 and u?
11
Let x = -11 - -13. Let h be -5*-1*(-6)/x. Let g be (-35)/h + 4/6. What is the greatest common factor of 9 and g?
3
Let z(b) = 25*b**2 - 2*b + 2. Let t be z(3). What is the highest common factor of 17 and t?
17
Let q = 0 - 0. Let x = 162 - 159. Suppose x*h - 2*h - 16 = q. What is the greatest common factor of h and 64?
16
Suppose 6*x - q - 7678 = 2*x, 3*x - 2*q = 5756. What is the greatest common divisor of x and 30?
30
Suppose 5*a + 5*z + 15 = 0, 4*a + 4*z + z = -14. Let u be ((-2)/4)/(a/270). Suppose -4*k - 7 = -67. Calculate the greatest common factor of u and k.
15
Let f be (20/16)/((-2)/(-8)). Suppose -3*b = f*z - 146, b = 2*z - 4*b - 46. What is the greatest common divisor of z and 7?
7
Let o(l) = l**2 + 4*l - 1. Suppose -36 = -2*a + 6*a. Let y be o(a). Let r = y + -28. Calculate the greatest common divisor of 176 and r.
16
Let u be -86*((-54)/(-4))/(-9). Let l = -74 + u. What is the greatest common divisor of 385 and l?
55
Let l be 9/((1/(-6))/(6/(-12))). Calculate the highest common divisor of l and 63.
9
Suppose 10*r = 2*r - 288. Let s be r/270 - (0 - 874/30). What is the highest common factor of 203 and s?
29
Let k = -3239 + 3275. Let a(s) = -s**2 - 7*s + 2. Let d be a(-5). Calculate the highest common divisor of k and d.
12
Let i(p) = -405*p**3 - 2*p + 1. Let y be i(1). Let m be (-2)/7 + y/(-49). What is the highest common divisor of 4 and m?
4
Suppose -640*d = -634*d - 60. What is the highest common divisor of 70 and d?
10
Let k be 57/6 + (6 - 90/12). Calculate the greatest common factor of 232 and k.
8
Let o = 835 - 565. What is the highest common divisor of 50 and o?
10
Suppose -7 = 2*p - 2*v - 39, 0 = -v. Calculate the highest common divisor of p and 40.
8
Suppose -3*j = 2*a - 327 - 207, -4*a = -12. What is the highest common divisor of j and 66?
22
Let h = 41 - 17. Suppose 5*n - 576 = 9*n. Let a = n + 240. Calculate the greatest common divisor of h and a.
24
Let f(k) = 2*k**2 - 9*k - 11. Let n be f(10). Let p = n - 30. Let a = p - 20. What is the highest common divisor of 7 and a?
7
Let d(k) = k**2 - k - 35. Let h be d(8). Calculate the highest common factor of h and 49.
7
Let t = 724 - 712. Let l = 0 + 3. Suppose 4*b = -l*y + 52 - 22, -24 = -2*y - 4*b. Calculate the highest common divisor of t and y.
6
Let u(w) = -w**2 + 6. Let q be u(0). Let p(t) = -t**2 + 5*t + 11. Let c be p(q). Suppose 54 = -c*z + 8*z. Calculate the greatest common divisor of 144 and z.
18
Let v be 5/2*1*128/10. Calculate the greatest common divisor of 72 and v.
8
Let a be 776/36 - 4/(-9). Suppose -4*z = -4*i - 968, -2*i = -7*i. What is the greatest common divisor of a and z?
22
Suppose -18 = -5*f + 27. Suppose -3*q = 2*d + f, -8 = 5*d - 2*d - q. Let p be (3 + 0)*(-5)/d. Calculate the highest common factor of 15 and p.
5
Let s(r) = -3*r + 1. Let a be s(-2). Let y(n) = n**3 + 24*n**2 + n + 73. Let d be y(-24). Calculate the greatest common divisor of a and d.
7
Let b(f) be the third derivative of -29*f**4/24 - 2*f**3/3 + 2*f**2. Let i be b(-2). Let y = i - 18. Calculate the highest common divisor of y and 12.
12
Let i be 6/(-42) + 18808/336 + (-3)/(-18). Let v be 1 - (7*-1 + 0). What is the highest common divisor of v and i?
8
Let h(q) = -24 + 13 + 5 - 16*q + 23. Let u be h(-9). Calculate the greatest common factor of 23 and u.
23
Suppose 24*v - 924 = -9*v. Calculate the greatest common factor of v and 203.
7
Suppose -4*c + 1 = -i - 132, -3*i = 15. Let h = 42 + -38. Calculate the highest common divisor of h and c.
4
Let h(p) = p - 8